{"id":8626,"date":"2025-08-19T15:20:08","date_gmt":"2025-08-19T13:20:08","guid":{"rendered":"https:\/\/www.cuverville.fr\/?post_type=tribe_events&#038;p=8626"},"modified":"2025-08-19T15:20:12","modified_gmt":"2025-08-19T13:20:12","slug":"rentree-parlons-lecture","status":"publish","type":"tribe_events","link":"https:\/\/www.cuverville.fr\/index.php\/event\/rentree-parlons-lecture\/","title":{"rendered":"\u00ab\u00a0Rentr\u00e9e\u00a0\u00bb Parlons-lecture"},"content":{"rendered":"<p>Vous<strong>\u00a0<\/strong>pourrez \u00e0 cette occasion, comme habituellement, prendre connaissance de nos\u00a0derni\u00e8res acquisitions et faire profiter les personnes pr\u00e9sentes de vos coups de coeur litt\u00e9raires de l&rsquo;\u00e9t\u00e9 !<\/p>\n<p>Bonne fin de p\u00e9riode de vacances et profitez bien du soleil !<\/p>\n","protected":false},"excerpt":{"rendered":"<p>Vous\u00a0pourrez \u00e0 cette occasion, comme habituellement, prendre connaissance de nos\u00a0derni\u00e8res acquisitions et faire profiter les personnes pr\u00e9sentes de vos coups de coeur litt\u00e9raires de l&rsquo;\u00e9t\u00e9 ! Bonne fin de p\u00e9riode [&hellip;]<\/p>\n","protected":false},"author":6,"featured_media":0,"template":"","meta":{"_tribe_events_status":"","_tribe_events_status_reason":"","footnotes":""},"tags":[],"tribe_events_cat":[],"class_list":["post-8626","tribe_events","type-tribe_events","status-publish","hentry"],"_links":{"self":[{"href":"https:\/\/www.cuverville.fr\/index.php\/wp-json\/wp\/v2\/tribe_events\/8626","targetHints":{"allow":["GET"]}}],"collection":[{"href":"https:\/\/www.cuverville.fr\/index.php\/wp-json\/wp\/v2\/tribe_events"}],"about":[{"href":"https:\/\/www.cuverville.fr\/index.php\/wp-json\/wp\/v2\/types\/tribe_events"}],"author":[{"embeddable":true,"href":"https:\/\/www.cuverville.fr\/index.php\/wp-json\/wp\/v2\/users\/6"}],"version-history":[{"count":2,"href":"https:\/\/www.cuverville.fr\/index.php\/wp-json\/wp\/v2\/tribe_events\/8626\/revisions"}],"predecessor-version":[{"id":8628,"href":"https:\/\/www.cuverville.fr\/index.php\/wp-json\/wp\/v2\/tribe_events\/8626\/revisions\/8628"}],"wp:attachment":[{"href":"https:\/\/www.cuverville.fr\/index.php\/wp-json\/wp\/v2\/media?parent=8626"}],"wp:term":[{"taxonomy":"post_tag","embeddable":true,"href":"https:\/\/www.cuverville.fr\/index.php\/wp-json\/wp\/v2\/tags?post=8626"},{"taxonomy":"tribe_events_cat","embeddable":true,"href":"https:\/\/www.cuverville.fr\/index.php\/wp-json\/wp\/v2\/tribe_events_cat?post=8626"}],"curies":[{"name":"wp","href":"https:\/\/api.w.org\/{rel}","templated":true}]}}

« Rentrée » Parlons-lecture

<p>Vous<strong> </strong>pourrez à cette occasion, comme habituellement, prendre connaissance de nos dernières acquisitions et faire profiter les personnes présentes de vos coups de coeur littéraires de l&rsquo;été !</p>
<p>Bonne fin de période de vacances et profitez bien du soleil !</p>

<p>Vous pourrez à cette occasion, comme habituellement, prendre connaissance de nos dernières acquisitions et faire profiter les personnes présentes de vos coups de coeur littéraires de l&rsquo;été ! Bonne fin de période [&hellip;]</p>
