{"id":7920,"date":"2024-02-06T09:48:08","date_gmt":"2024-02-06T08:48:08","guid":{"rendered":"http:\/\/www.cuverville.fr\/?post_type=tribe_events&#038;p=7920"},"modified":"2024-02-06T09:48:26","modified_gmt":"2024-02-06T08:48:26","slug":"foire-a-la-puericulture-organisee-par-lape","status":"publish","type":"tribe_events","link":"https:\/\/www.cuverville.fr\/index.php\/event\/foire-a-la-puericulture-organisee-par-lape\/","title":{"rendered":"Foire \u00e0 la pu\u00e9riculture organis\u00e9e par l&rsquo;APE"},"content":{"rendered":"","protected":false},"excerpt":{"rendered":"","protected":false},"author":7,"featured_media":0,"template":"","meta":{"_tribe_events_status":"","_tribe_events_status_reason":"","footnotes":""},"tags":[],"tribe_events_cat":[],"class_list":["post-7920","tribe_events","type-tribe_events","status-publish","hentry"],"_links":{"self":[{"href":"https:\/\/www.cuverville.fr\/index.php\/wp-json\/wp\/v2\/tribe_events\/7920","targetHints":{"allow":["GET"]}}],"collection":[{"href":"https:\/\/www.cuverville.fr\/index.php\/wp-json\/wp\/v2\/tribe_events"}],"about":[{"href":"https:\/\/www.cuverville.fr\/index.php\/wp-json\/wp\/v2\/types\/tribe_events"}],"author":[{"embeddable":true,"href":"https:\/\/www.cuverville.fr\/index.php\/wp-json\/wp\/v2\/users\/7"}],"version-history":[{"count":2,"href":"https:\/\/www.cuverville.fr\/index.php\/wp-json\/wp\/v2\/tribe_events\/7920\/revisions"}],"predecessor-version":[{"id":7922,"href":"https:\/\/www.cuverville.fr\/index.php\/wp-json\/wp\/v2\/tribe_events\/7920\/revisions\/7922"}],"wp:attachment":[{"href":"https:\/\/www.cuverville.fr\/index.php\/wp-json\/wp\/v2\/media?parent=7920"}],"wp:term":[{"taxonomy":"post_tag","embeddable":true,"href":"https:\/\/www.cuverville.fr\/index.php\/wp-json\/wp\/v2\/tags?post=7920"},{"taxonomy":"tribe_events_cat","embeddable":true,"href":"https:\/\/www.cuverville.fr\/index.php\/wp-json\/wp\/v2\/tribe_events_cat?post=7920"}],"curies":[{"name":"wp","href":"https:\/\/api.w.org\/{rel}","templated":true}]}}

Foire à la puériculture organisée par l&rsquo;APE
