{"id":7652,"date":"2023-07-11T14:45:56","date_gmt":"2023-07-11T12:45:56","guid":{"rendered":"http:\/\/www.cuverville.fr\/?post_type=tribe_events&#038;p=7652"},"modified":"2023-07-11T14:47:55","modified_gmt":"2023-07-11T12:47:55","slug":"rendez-vous-parlons-lecture-mardi-1er-aout-a-17h30-a-la-bibliotheque","status":"publish","type":"tribe_events","link":"https:\/\/www.cuverville.fr\/index.php\/event\/rendez-vous-parlons-lecture-mardi-1er-aout-a-17h30-a-la-bibliotheque\/","title":{"rendered":"Rendez-vous \u00ab\u00a0Parlons lecture\u00a0\u00bb mardi 1er ao\u00fbt \u00e0 17h30 \u00e0 la biblioth\u00e8que"},"content":{"rendered":"","protected":false},"excerpt":{"rendered":"","protected":false},"author":6,"featured_media":0,"template":"","meta":{"_tribe_events_status":"","_tribe_events_status_reason":"","footnotes":""},"tags":[],"tribe_events_cat":[],"class_list":["post-7652","tribe_events","type-tribe_events","status-publish","hentry"],"_links":{"self":[{"href":"https:\/\/www.cuverville.fr\/index.php\/wp-json\/wp\/v2\/tribe_events\/7652","targetHints":{"allow":["GET"]}}],"collection":[{"href":"https:\/\/www.cuverville.fr\/index.php\/wp-json\/wp\/v2\/tribe_events"}],"about":[{"href":"https:\/\/www.cuverville.fr\/index.php\/wp-json\/wp\/v2\/types\/tribe_events"}],"author":[{"embeddable":true,"href":"https:\/\/www.cuverville.fr\/index.php\/wp-json\/wp\/v2\/users\/6"}],"version-history":[{"count":2,"href":"https:\/\/www.cuverville.fr\/index.php\/wp-json\/wp\/v2\/tribe_events\/7652\/revisions"}],"predecessor-version":[{"id":7654,"href":"https:\/\/www.cuverville.fr\/index.php\/wp-json\/wp\/v2\/tribe_events\/7652\/revisions\/7654"}],"wp:attachment":[{"href":"https:\/\/www.cuverville.fr\/index.php\/wp-json\/wp\/v2\/media?parent=7652"}],"wp:term":[{"taxonomy":"post_tag","embeddable":true,"href":"https:\/\/www.cuverville.fr\/index.php\/wp-json\/wp\/v2\/tags?post=7652"},{"taxonomy":"tribe_events_cat","embeddable":true,"href":"https:\/\/www.cuverville.fr\/index.php\/wp-json\/wp\/v2\/tribe_events_cat?post=7652"}],"curies":[{"name":"wp","href":"https:\/\/api.w.org\/{rel}","templated":true}]}}

Rendez-vous « Parlons lecture » mardi 1er août à 17h30 à la bibliothèque
