{"id":7435,"date":"2023-05-10T11:20:07","date_gmt":"2023-05-10T09:20:07","guid":{"rendered":"http:\/\/www.cuverville.fr\/?post_type=tribe_events&#038;p=7435"},"modified":"2023-06-08T08:42:13","modified_gmt":"2023-06-08T06:42:13","slug":"mardi-18-juillet-a-11h15-au-monument-aux-morts-commemoration-liberation-de-la-commune-le-18-juillet-1944","status":"publish","type":"tribe_events","link":"https:\/\/www.cuverville.fr\/index.php\/event\/mardi-18-juillet-a-11h15-au-monument-aux-morts-commemoration-liberation-de-la-commune-le-18-juillet-1944\/","title":{"rendered":"Dimanche 16 juillet \u00e0 11h15 au monument aux morts &#8211; comm\u00e9moration Lib\u00e9ration de la Commune le 18 juillet 1944"},"content":{"rendered":"","protected":false},"excerpt":{"rendered":"","protected":false},"author":7,"featured_media":0,"template":"","meta":{"_tribe_events_status":"","_tribe_events_status_reason":"","footnotes":""},"tags":[],"tribe_events_cat":[],"class_list":["post-7435","tribe_events","type-tribe_events","status-publish","hentry"],"_links":{"self":[{"href":"https:\/\/www.cuverville.fr\/index.php\/wp-json\/wp\/v2\/tribe_events\/7435","targetHints":{"allow":["GET"]}}],"collection":[{"href":"https:\/\/www.cuverville.fr\/index.php\/wp-json\/wp\/v2\/tribe_events"}],"about":[{"href":"https:\/\/www.cuverville.fr\/index.php\/wp-json\/wp\/v2\/types\/tribe_events"}],"author":[{"embeddable":true,"href":"https:\/\/www.cuverville.fr\/index.php\/wp-json\/wp\/v2\/users\/7"}],"version-history":[{"count":3,"href":"https:\/\/www.cuverville.fr\/index.php\/wp-json\/wp\/v2\/tribe_events\/7435\/revisions"}],"predecessor-version":[{"id":7503,"href":"https:\/\/www.cuverville.fr\/index.php\/wp-json\/wp\/v2\/tribe_events\/7435\/revisions\/7503"}],"wp:attachment":[{"href":"https:\/\/www.cuverville.fr\/index.php\/wp-json\/wp\/v2\/media?parent=7435"}],"wp:term":[{"taxonomy":"post_tag","embeddable":true,"href":"https:\/\/www.cuverville.fr\/index.php\/wp-json\/wp\/v2\/tags?post=7435"},{"taxonomy":"tribe_events_cat","embeddable":true,"href":"https:\/\/www.cuverville.fr\/index.php\/wp-json\/wp\/v2\/tribe_events_cat?post=7435"}],"curies":[{"name":"wp","href":"https:\/\/api.w.org\/{rel}","templated":true}]}}

Dimanche 16 juillet à 11h15 au monument aux morts &#8211; commémoration Libération de la Commune le 18 juillet 1944
