{"id":6013,"date":"2022-03-15T15:55:39","date_gmt":"2022-03-15T14:55:39","guid":{"rendered":"http:\/\/www.cuverville.fr\/?post_type=tribe_events&#038;p=6013"},"modified":"2022-03-15T15:55:47","modified_gmt":"2022-03-15T14:55:47","slug":"sortie-rando-a-pont-erambourg-et-apres-midi-en-velo-rail","status":"publish","type":"tribe_events","link":"https:\/\/www.cuverville.fr\/index.php\/event\/sortie-rando-a-pont-erambourg-et-apres-midi-en-velo-rail\/","title":{"rendered":"Sortie rando \u00e0 Pont Erambourg et apr\u00e8s midi en v\u00e9lo-rail"},"content":{"rendered":"","protected":false},"excerpt":{"rendered":"","protected":false},"author":6,"featured_media":0,"template":"","meta":{"_tribe_events_status":"","_tribe_events_status_reason":"","footnotes":""},"tags":[],"tribe_events_cat":[],"class_list":["post-6013","tribe_events","type-tribe_events","status-publish","hentry"],"_links":{"self":[{"href":"https:\/\/www.cuverville.fr\/index.php\/wp-json\/wp\/v2\/tribe_events\/6013","targetHints":{"allow":["GET"]}}],"collection":[{"href":"https:\/\/www.cuverville.fr\/index.php\/wp-json\/wp\/v2\/tribe_events"}],"about":[{"href":"https:\/\/www.cuverville.fr\/index.php\/wp-json\/wp\/v2\/types\/tribe_events"}],"author":[{"embeddable":true,"href":"https:\/\/www.cuverville.fr\/index.php\/wp-json\/wp\/v2\/users\/6"}],"version-history":[{"count":1,"href":"https:\/\/www.cuverville.fr\/index.php\/wp-json\/wp\/v2\/tribe_events\/6013\/revisions"}],"predecessor-version":[{"id":6014,"href":"https:\/\/www.cuverville.fr\/index.php\/wp-json\/wp\/v2\/tribe_events\/6013\/revisions\/6014"}],"wp:attachment":[{"href":"https:\/\/www.cuverville.fr\/index.php\/wp-json\/wp\/v2\/media?parent=6013"}],"wp:term":[{"taxonomy":"post_tag","embeddable":true,"href":"https:\/\/www.cuverville.fr\/index.php\/wp-json\/wp\/v2\/tags?post=6013"},{"taxonomy":"tribe_events_cat","embeddable":true,"href":"https:\/\/www.cuverville.fr\/index.php\/wp-json\/wp\/v2\/tribe_events_cat?post=6013"}],"curies":[{"name":"wp","href":"https:\/\/api.w.org\/{rel}","templated":true}]}}

Sortie rando à Pont Erambourg et après midi en vélo-rail
