{"id":5406,"date":"2021-07-06T17:07:30","date_gmt":"2021-07-06T15:07:30","guid":{"rendered":"http:\/\/www.cuverville.fr\/?post_type=tribe_events&#038;p=5406"},"modified":"2021-07-06T17:07:46","modified_gmt":"2021-07-06T15:07:46","slug":"ceremonie-commemorative-en-souvenir-de-la-liberation-de-la-commune-le-18-juillet-1944-2","status":"publish","type":"tribe_events","link":"https:\/\/www.cuverville.fr\/index.php\/event\/ceremonie-commemorative-en-souvenir-de-la-liberation-de-la-commune-le-18-juillet-1944-2\/","title":{"rendered":"C\u00e9r\u00e9monie comm\u00e9morative en souvenir de la Lib\u00e9ration de la Commune le 18 juillet 1944"},"content":{"rendered":"<div class=\"o9v6fnle cxmmr5t8 oygrvhab hcukyx3x c1et5uql ii04i59q\">\n<div dir=\"auto\" style=\"text-align: center;\">Nous vous invitons \u00e0 participer \u00e0 la c\u00e9r\u00e9monie qui aura lieu le dimanche 18 juillet 2021 \u00e0 11h15 au Monument aux Morts.<\/div>\n<\/div>\n<div class=\"o9v6fnle cxmmr5t8 oygrvhab hcukyx3x c1et5uql ii04i59q\">\n<div dir=\"auto\" style=\"text-align: center;\">A l&rsquo;issue de la c\u00e9r\u00e9monie, un vin d&rsquo;honneur sera servi \u00e0 la Maison des Associations.<\/div>\n<\/div>\n","protected":false},"excerpt":{"rendered":"<p>Nous vous invitons \u00e0 participer \u00e0 la c\u00e9r\u00e9monie qui aura lieu le dimanche 18 juillet 2021 \u00e0 11h15 au Monument aux Morts. A l&rsquo;issue de la c\u00e9r\u00e9monie, un vin d&rsquo;honneur [&hellip;]<\/p>\n","protected":false},"author":7,"featured_media":0,"template":"","meta":{"_tribe_events_status":"","_tribe_events_status_reason":"","footnotes":""},"tags":[],"tribe_events_cat":[],"class_list":["post-5406","tribe_events","type-tribe_events","status-publish","hentry"],"_links":{"self":[{"href":"https:\/\/www.cuverville.fr\/index.php\/wp-json\/wp\/v2\/tribe_events\/5406","targetHints":{"allow":["GET"]}}],"collection":[{"href":"https:\/\/www.cuverville.fr\/index.php\/wp-json\/wp\/v2\/tribe_events"}],"about":[{"href":"https:\/\/www.cuverville.fr\/index.php\/wp-json\/wp\/v2\/types\/tribe_events"}],"author":[{"embeddable":true,"href":"https:\/\/www.cuverville.fr\/index.php\/wp-json\/wp\/v2\/users\/7"}],"version-history":[{"count":2,"href":"https:\/\/www.cuverville.fr\/index.php\/wp-json\/wp\/v2\/tribe_events\/5406\/revisions"}],"predecessor-version":[{"id":5408,"href":"https:\/\/www.cuverville.fr\/index.php\/wp-json\/wp\/v2\/tribe_events\/5406\/revisions\/5408"}],"wp:attachment":[{"href":"https:\/\/www.cuverville.fr\/index.php\/wp-json\/wp\/v2\/media?parent=5406"}],"wp:term":[{"taxonomy":"post_tag","embeddable":true,"href":"https:\/\/www.cuverville.fr\/index.php\/wp-json\/wp\/v2\/tags?post=5406"},{"taxonomy":"tribe_events_cat","embeddable":true,"href":"https:\/\/www.cuverville.fr\/index.php\/wp-json\/wp\/v2\/tribe_events_cat?post=5406"}],"curies":[{"name":"wp","href":"https:\/\/api.w.org\/{rel}","templated":true}]}}

Cérémonie commémorative en souvenir de la Libération de la Commune le 18 juillet 1944

<div class="o9v6fnle cxmmr5t8 oygrvhab hcukyx3x c1et5uql ii04i59q">
<div dir="auto" style="text-align: center;">Nous vous invitons à participer à la cérémonie qui aura lieu le dimanche 18 juillet 2021 à 11h15 au Monument aux Morts.</div>
</div>
<div class="o9v6fnle cxmmr5t8 oygrvhab hcukyx3x c1et5uql ii04i59q">
<div dir="auto" style="text-align: center;">A l&rsquo;issue de la cérémonie, un vin d&rsquo;honneur sera servi à la Maison des Associations.</div>
</div>

<p>Nous vous invitons à participer à la cérémonie qui aura lieu le dimanche 18 juillet 2021 à 11h15 au Monument aux Morts. A l&rsquo;issue de la cérémonie, un vin d&rsquo;honneur [&hellip;]</p>
