{"id":3827,"date":"2020-03-13T17:27:08","date_gmt":"2020-03-13T16:27:08","guid":{"rendered":"http:\/\/www.cuverville.fr\/?post_type=tribe_events&#038;p=3827"},"modified":"2020-03-13T17:37:36","modified_gmt":"2020-03-13T16:37:36","slug":"les-mercredis-loisirs-seront-fermes-a-compter-du-lundi-16-mars-2020-jusqua-nouvel-ordre-en-raison-de-lepidemie-du-coronavirus","status":"publish","type":"tribe_events","link":"https:\/\/www.cuverville.fr\/index.php\/event\/les-mercredis-loisirs-seront-fermes-a-compter-du-lundi-16-mars-2020-jusqua-nouvel-ordre-en-raison-de-lepidemie-du-coronavirus\/","title":{"rendered":"Les mercredis loisirs seront ferm\u00e9s \u00e0 compter du lundi 16 mars 2020 jusqu&rsquo;\u00e0 nouvel ordre en raison de l&rsquo;\u00e9pid\u00e9mie du Coronavirus"},"content":{"rendered":"<p><img loading=\"lazy\" decoding=\"async\" class=\"alignnone size-medium wp-image-3830\" src=\"https:\/\/www.cuverville.fr\/wp-content\/uploads\/Mercredis-loisirs-300x113.jpg\" alt=\"\" width=\"300\" height=\"113\" srcset=\"https:\/\/www.cuverville.fr\/wp-content\/uploads\/Mercredis-loisirs-300x113.jpg 300w, https:\/\/www.cuverville.fr\/wp-content\/uploads\/Mercredis-loisirs.jpg 365w\" sizes=\"auto, (max-width: 300px) 100vw, 300px\" \/><\/p>\n<p>Les mercredis loisirs seront ferm\u00e9s \u00e0 compter du lundi 16 mars 2020 jusqu&rsquo;\u00e0 nouvel ordre en raison de l&rsquo;\u00e9pid\u00e9mie du Coronavirus.<\/p>\n","protected":false},"excerpt":{"rendered":"<p>Les mercredis loisirs seront ferm\u00e9s \u00e0 compter du lundi 16 mars 2020 jusqu&rsquo;\u00e0 nouvel ordre en raison de l&rsquo;\u00e9pid\u00e9mie du Coronavirus.<\/p>\n","protected":false},"author":7,"featured_media":3830,"template":"","meta":{"_tribe_events_status":"","_tribe_events_status_reason":"","footnotes":""},"tags":[],"tribe_events_cat":[],"class_list":["post-3827","tribe_events","type-tribe_events","status-publish","has-post-thumbnail","hentry"],"_links":{"self":[{"href":"https:\/\/www.cuverville.fr\/index.php\/wp-json\/wp\/v2\/tribe_events\/3827","targetHints":{"allow":["GET"]}}],"collection":[{"href":"https:\/\/www.cuverville.fr\/index.php\/wp-json\/wp\/v2\/tribe_events"}],"about":[{"href":"https:\/\/www.cuverville.fr\/index.php\/wp-json\/wp\/v2\/types\/tribe_events"}],"author":[{"embeddable":true,"href":"https:\/\/www.cuverville.fr\/index.php\/wp-json\/wp\/v2\/users\/7"}],"version-history":[{"count":3,"href":"https:\/\/www.cuverville.fr\/index.php\/wp-json\/wp\/v2\/tribe_events\/3827\/revisions"}],"predecessor-version":[{"id":3829,"href":"https:\/\/www.cuverville.fr\/index.php\/wp-json\/wp\/v2\/tribe_events\/3827\/revisions\/3829"}],"wp:featuredmedia":[{"embeddable":true,"href":"https:\/\/www.cuverville.fr\/index.php\/wp-json\/wp\/v2\/media\/3830"}],"wp:attachment":[{"href":"https:\/\/www.cuverville.fr\/index.php\/wp-json\/wp\/v2\/media?parent=3827"}],"wp:term":[{"taxonomy":"post_tag","embeddable":true,"href":"https:\/\/www.cuverville.fr\/index.php\/wp-json\/wp\/v2\/tags?post=3827"},{"taxonomy":"tribe_events_cat","embeddable":true,"href":"https:\/\/www.cuverville.fr\/index.php\/wp-json\/wp\/v2\/tribe_events_cat?post=3827"}],"curies":[{"name":"wp","href":"https:\/\/api.w.org\/{rel}","templated":true}]}}

Les mercredis loisirs seront fermés à compter du lundi 16 mars 2020 jusqu&rsquo;à nouvel ordre en raison de l&rsquo;épidémie du Coronavirus

<p><img loading="lazy" decoding="async" class="alignnone size-medium wp-image-3830" src="https://www.cuverville.fr/wp-content/uploads/Mercredis-loisirs-300x113.jpg" alt="" width="300" height="113" srcset="https://www.cuverville.fr/wp-content/uploads/Mercredis-loisirs-300x113.jpg 300w, https://www.cuverville.fr/wp-content/uploads/Mercredis-loisirs.jpg 365w" sizes="auto, (max-width: 300px) 100vw, 300px" /></p>
<p>Les mercredis loisirs seront fermés à compter du lundi 16 mars 2020 jusqu&rsquo;à nouvel ordre en raison de l&rsquo;épidémie du Coronavirus.</p>

<p>Les mercredis loisirs seront fermés à compter du lundi 16 mars 2020 jusqu&rsquo;à nouvel ordre en raison de l&rsquo;épidémie du Coronavirus.</p>
